8
Let w(y) = -10*y - y**2 + 7*y + 30 - 13*y - 9. Let k be w(-17). Suppose -5*r - 9 = k*m + 2, 5*m = 5*r - 25. What is the greatest common factor of 8 and r?
1
Suppose -6*l - 13 + 7 = 0. Let y be 0 + -1 + l + 4. Suppose -4*x = -5*u - 191, -y*x - 4*u = u - 133. What is the highest common divisor of 18 and x?
18
Let u = 1665 + -1548. Calculate the greatest common divisor of 873 and u.
9
Let z(h) = 31*h**2 - 234*h + 48. Let l be z(8). Calculate the greatest common factor of 240 and l.
80
Suppose -6*r + 306 + 2688 = 0. Suppose 21 + r = 4*i. Suppose -4*n - 31 + 135 = 0. What is the greatest common factor of i and n?
26
Let i be (-2)/3*45/(-2). Suppose -4*m + 2*a = 6, -5*m + 0*m = 5*a + i. Let w be (12 + 10)/(m/(-1)). Calculate the greatest common divisor of 44 and w.
11
Let t be 186/10 - 4/(-10). Let n(f) = 140 + 17*f**2 - 75 - 73 - 2*f**3 + 12*f. Let y be n(9). Calculate the greatest common factor of y and t.
19
Suppose -11224*i + 11221*i = -2079. What is the greatest common divisor of 4653 and i?
99
Suppose -2*u + 4*u = 52*u - 358600. What is the highest common factor of 44 and u?
44
Let t(r) = -r**3 - 11*r**2 - 27*r - 59. Let h be t(-9). Let d = 22 - 22. Suppose d = 2*m + m - 264. Calculate the greatest common divisor of m and h.
22
Let x(b) = 9*b - 45. Let i(p) = -13*p + 6 - 1 - 2*p. Let y be i(-1). Let j be x(y). Calculate the highest common divisor of 27 and j.
27
Let l be 2/((3/4)/((-279)/(-72) - 2)). Calculate the highest common divisor of l and 135.
5
Let h = -2498 - -2982. Calculate the greatest common divisor of h and 286.
22
Suppose 5*z + 20 = 35. Let u be -2 - (-586)/6 - z/(-9). Suppose -95*i + 98*i - u = 0. What is the greatest common factor of 4 and i?
4
Let h = -6935 - -6983. Suppose -5*g - 5*t + 655 = 0, 0*g - 5*t = -4*g + 533. Calculate the greatest common factor of g and h.
12
Let u be 3*(-2 - (-198)/27). Suppose -u = -53*y + 52*y. Calculate the highest common factor of y and 4.
4
Suppose 1161 = -2*y + 3*y + 2*t, -4*y + 4632 = 2*t. What is the greatest common factor of 26 and y?
13
Suppose -852 - 22648 = -188*z. What is the greatest common divisor of 10475 and z?
25
Let w = 5395 - 5332. Calculate the highest common factor of 238 and w.
7
Let c(r) = r**3 + 14*r**2 - 7*r - 7. Suppose 10*k = 15*k + 1010. Let q be k/12 + (-3)/18 + 3. Let p be c(q). What is the highest common factor of p and 7?
7
Let y = -423 - -447. Let i = -178 - -202. Calculate the greatest common divisor of y and i.
24
Let v(k) = 11*k + 53. Let p be v(-2). Suppose 0 = -5*o + 15, -4*j + p*o + 111 = 28*o. Calculate the greatest common divisor of j and 48.
6
Let m = 7 - -21. Let b(d) = -141*d - 1. Suppose 5*q + 13 = 3*x - x, 3*q = x - 8. Let z be b(x). What is the greatest common divisor of z and m?
28
Suppose -19*f + 925 = -2115. Let n(t) = 33*t**3 - 2*t + 1. Let s be n(1). What is the greatest common factor of s and f?
32
Suppose -k + 2*k = 12. Suppose -6*p = -79 - 209. What is the greatest common factor of k and p?
12
Let v be (5 - -4)/((-6)/(-4)). Suppose -1 = -v*l + 11. Suppose 0 = 3*k - 9, -2*c - l*k - 6 = -24. What is the highest common factor of c and 8?
2
Suppose 301 = 2*o + 3*r + 32, 0 = o + r - 136. Suppose 5*f = o + 86. What is the highest common factor of 45 and f?
45
Let x = 146 - 104. Suppose -236*o + 27237 = -26*o + 1087*o. What is the highest common factor of x and o?
21
Suppose 2*z - 2*n - 1904 = 0, -5*z - 263 = 2*n - 5051. What is the highest common factor of 60 and z?
4
Let x be 1632/(-36) + 2/6. Let q = x + 81. Let u be (q/(-7))/(5/(-35)). What is the greatest common factor of 24 and u?
12
Suppose 18*r = -76*r + 21862 + 150440. What is the highest common factor of r and 1269?
141
Let j be ((-8)/10)/((3/2)/3)*-165. Let w(u) = u**2 + 5*u - 3. Let c be w(-7). What is the greatest common divisor of j and c?
11
Suppose 10*u + 12 = 12*u. Let f be (3/(-2))/(u/(-16)). Suppose f*w = -k + 350, -4*w + 6*k - k + 362 = 0. What is the highest common divisor of 8 and w?
8
Suppose -t + 52 = -4*b, 4*t - 4*b - 98 = 74. Suppose 0 = 4*z - 4*d - 128 - 540, 5*d = 3*z - 515. Calculate the greatest common divisor of z and t.
40
Suppose -3*y - 3 = 0, -25*y - 13046 = -5*u - 29*y. Calculate the greatest common factor of u and 105.
15
Let m be (252/(-4))/(-7) + (-384)/(-4). Calculate the highest common divisor of m and 1295.
35
Let h = 32827 - 26341. Calculate the highest common factor of 423 and h.
141
Let w be -11 + -35 + 18 - -98. Calculate the greatest common divisor of w and 1638.
14
Suppose 1248 = -1241*w + 1257*w. Calculate the greatest common divisor of 3198 and w.
78
Let f be -3 + (3*22 - 0). Let i = -100 + 172. Let j = i - 51. What is the greatest common divisor of j and f?
21
Let i = 794 + -784. Suppose -2*p - 3*h + 56 = 0, 15*p + 4*h = i*p + 140. Calculate the highest common factor of 35 and p.
7
Let v be 40/110 + 10812/33. What is the greatest common divisor of 112 and v?
8
Suppose -j + 133 = 565. Let g be j*(21/(-6) - -3). Let p(z) = -2*z**2 + z + 24. Let b be p(0). Calculate the highest common divisor of g and b.
24
Let m be 11 + (2/13 - (-42)/910)*5. Let x be (-1)/(1/(-54) + 0). Calculate the greatest common divisor of x and m.
6
Let w(n) = 69*n + 46. Let g be w(-4). Let v = g + 312. Let z be (-2)/(24/164)*-9. What is the highest common factor of z and v?
41
Let d = 261 + 2142. Calculate the greatest common divisor of d and 27.
27
Suppose 2*z - 2*f - 2*f = -598, 2*z = 2*f - 598. Let i = -264 - z. What is the highest common factor of i and 280?
35
Let j be 18/18 - 808/(-2). Calculate the highest common factor of j and 54.
27
Let k be 3 + (-28)/12 + (-326)/(-6). Suppose -3*z + 5*l = -81, 18*z - 14*z - 5*l - 103 = 0. What is the greatest common factor of k and z?
11
Let t be (-9)/(((-7)/(-35))/((-12)/8))*30. What is the greatest common factor of t and 216?
27
Let y = -13 + 18. Suppose -24 + 9 = -y*m. Let u(j) = j**3 - 3*j**2 + j + 1. Let q be u(m). Calculate the highest common factor of q and 44.
4
Suppose -3*j - l + 23 = 0, l = -5*j - 3*l + 29. Suppose -2*g = -59 - j. Suppose -17 = -3*i + g. What is the greatest common factor of 1 and i?
1
Suppose 0 = 5*l + 66*z - 67*z - 6796, -3*l + 3*z = -4080. Calculate the greatest common divisor of l and 9.
9
Let d(r) = -2*r**2 - 232*r + 718. Let t be d(-119). What is the highest common divisor of 139 and t?
1
Let z(j) = -121*j + 5302. Let a be z(-21). What is the highest common factor of 341 and a?
341
Suppose 4*m - r = r + 170, 5*r = -4*m + 163. Suppose -27*x + 20*x + m = 0. Calculate the highest common factor of x and 6.
6
Suppose -9*q - 10 = -7*q, 2*l + 5*q = 23. Suppose 65 = 2*r - s, 214 - l = 5*r + 3*s. Calculate the greatest common divisor of r and 28.
7
Let d = -923853 + 923903. Let w(s) = 63*s**2 + 2*s + 2. Let q be w(3). What is the greatest common divisor of d and q?
25
Suppose 617 + 2210 = 11*w. Suppose -3*n = -b - w, 0 = -5*n - b + 6*b + 415. Calculate the greatest common divisor of 29 and n.
29
Suppose 0 = h + 11 - 14. Suppose 0 = -5*z - h*r + 642, z + 4*z - r - 626 = 0. Calculate the greatest common factor of 315 and z.
63
Suppose 1008*z + 16940 = 1118*z. Suppose 2*t - 16 = t + 3*f, 2*t - 4*f = 36. What is the greatest common divisor of z and t?
22
Let w be 24*3/(-36)*-4. Suppose -2*j + w*j = 216. Suppose -j = -9*z + 3*z. What is the highest common divisor of 42 and z?
6
Let o = 155 - 159. Let c be (-20)/o + (1 - (-3 + 1)). What is the highest common divisor of 12 and c?
4
Let q = -117 + 118. Let z(y) = 204*y - 6. Let n be z(q). Let p be (-4)/5*45/(-2). What is the highest common factor of p and n?
18
Suppose 0 = -4*m + 1066*o - 1067*o + 1727, 4*m + 3*o - 1709 = 0. Let x = -24 - -52. Calculate the highest common factor of x and m.
14
Suppose 16*l = 42*l - 17264. Calculate the highest common factor of l and 28.
4
Suppose 3*d + v = 30678, -5*d + 35443 = 2*v - 15689. What is the highest common divisor of 9 and d?
9
Suppose -s + 3*s + 4*u = 1812, 7*u = -5*s + 4536. Calculate the highest common factor of s and 98.
14
Suppose 3*s + 4862 = -5*l + 44116, 0 = 5*l - 3*s - 39266. What is the highest common factor of 52 and l?
52
Let k = -81994 + 82001. Let n(v) = 7*v. Let z be n(3). What is the greatest common divisor of z and k?
7
Let j(c) = -19*c + 138. Let y be j(-18). Let k = -479 + y. Calculate the greatest c